{"id":277,"date":"2018-01-12T07:50:11","date_gmt":"2018-01-12T07:50:11","guid":{"rendered":"http:\/\/demo.wenthemes.com\/surya-chandra-lite\/?page_id=5"},"modified":"2020-04-13T13:53:22","modified_gmt":"2020-04-13T13:53:22","slug":"home-v1","status":"publish","type":"page","link":"https:\/\/lanaki.at\/","title":{"rendered":"Home"},"content":{"rendered":"<div id=\"pl-277\"  class=\"panel-layout\" ><div id=\"pg-277-0\"  class=\"panel-grid panel-has-style\" ><div class=\"siteorigin-panels-stretch panel-row-style-full-stretched panel-row-style panel-row-style-for-277-0\" data-stretch-type=\"full-stretched\" ><div id=\"pgc-277-0-0\"  class=\"panel-grid-cell\" ><div id=\"panel-277-0-0-0\" class=\"so-panel widget widget_sow-hero panel-first-child panel-last-child\" data-index=\"0\" ><div\n\t\t\t\n\t\t\tclass=\"so-widget-sow-hero so-widget-sow-hero-default-a0c605e51fd6-277 so-widget-fittext-wrapper\"\n\t\t\t data-fit-text-compressor=\"0.85\"\n\t\t>\t\t\t\t<div class=\"sow-slider-base\" style=\"display: none\" tabindex=\"0\">\n\t\t\t\t\t<ul\n\t\t\t\t\tclass=\"sow-slider-images\"\n\t\t\t\t\tdata-settings=\"{&quot;pagination&quot;:true,&quot;speed&quot;:1200,&quot;timeout&quot;:15000,&quot;paused&quot;:false,&quot;pause_on_hover&quot;:false,&quot;swipe&quot;:true,&quot;nav_always_show_desktop&quot;:&quot;&quot;,&quot;nav_always_show_mobile&quot;:&quot;&quot;,&quot;breakpoint&quot;:&quot;780px&quot;,&quot;unmute&quot;:false,&quot;anchor&quot;:null}\"\n\t\t\t\t\tstyle=\"min-height: 750px\"\t\t\t\t\tdata-anchor-id=\"\"\n\t\t\t\t>\t\t<li class=\"sow-slider-image  sow-slider-image-cover\" style=\"visibility: visible;;background-color: #ffffff\" >\n\t\t\t\t\t<div class=\"sow-slider-image-container\">\n\t\t\t<div class=\"sow-slider-image-wrapper\">\n\t\t\t\t<p><strong><em>Ostern 2020 --- Wir bleiben in Verbindung:\u00a0<\/em> Wir ZEIGEN, wie viele wir sind !<\/strong><\/p>\n<p><span style=\"color: #00ff00\"><em><strong>Auch ohne viel PR: 404 Osterbotschaften wurde in den exakt 96 Stunden unserer Ostervernetzungsaktion \"versendet\".<br \/>\n<\/strong><\/em><\/span><\/p>\n<p>Insgesamt 1.149.251 km haben diese Botschaften \"\u00fcberbr\u00fcckt\" - das ist 3 mal die Entfernung ERDE-MOND !<\/p>\n<p>Das Licht w\u00fcrde allein f\u00fcr diese Strecke fast 4 Sekunden brauchen ...<\/p>\n<p>DANKE\u00a0 an alle die mitgemacht haben (Kalksburg ist eindeutig \"Sieger\" mit 195 gesendeten Botschaften !<\/p>\n<p>So entstand das erste \"LANAKI-NET\" und zeigt, dass wir auch in Zeiten wie diesen VERBUNDEN bleiben!<\/p>\n<p><\/p>\n<div class=\"container\">\n<div class=\"frame\">\n<div class=\"page tlid-homepage homepage translate-text\">\n<div class=\"homepage-content-wrap\">\n<div class=\"tlid-source-target main-header small-font\">\n<div class=\"source-target-row\">\n<div class=\"tlid-results-container results-container\">\n<div class=\"tlid-result result-dict-wrapper\">\n<div class=\"result tlid-copy-target\">\n<div class=\"text-wrap tlid-copy-target\">\n<div class=\"result-shield-container tlid-copy-target\">\n<p><\/p>\n<\/div>\n<\/div>\n<\/div>\n<\/div>\n<\/div>\n<\/div>\n<\/div>\n<\/div>\n<\/div>\n<\/div>\n<\/div>\t\t\t<\/div>\n\t\t<\/div>\n\t\t<div class=\"sow-slider-image-overlay sow-slider-image-cover\" style=\"opacity: 0.89;background-image: url(https:\/\/lanaki.at\/wp-content\/uploads\/2020\/04\/scr_202004131500FINAL.jpg)\"  ><\/div>\t\t<\/li>\n\t\t<\/ul>\t\t\t\t<ol class=\"sow-slider-pagination\">\n\t\t\t\t\t\t\t\t\t\t\t<li><a href=\"#\" data-goto=\"0\" aria-label=\"Display slide 1\"><\/a><\/li>\n\t\t\t\t\t\t\t\t\t<\/ol>\n\n\t\t\t\t<div class=\"sow-slide-nav sow-slide-nav-next\">\n\t\t\t\t\t<a href=\"#\" data-goto=\"next\" aria-label=\"Next slide\" data-action=\"next\">\n\t\t\t\t\t\t<em class=\"sow-sld-icon-ultra-thin-right\"><\/em>\n\t\t\t\t\t<\/a>\n\t\t\t\t<\/div>\n\n\t\t\t\t<div class=\"sow-slide-nav sow-slide-nav-prev\">\n\t\t\t\t\t<a href=\"#\" data-goto=\"previous\" aria-label=\"Previous slide\" data-action=\"prev\">\n\t\t\t\t\t\t<em class=\"sow-sld-icon-ultra-thin-left\"><\/em>\n\t\t\t\t\t<\/a>\n\t\t\t\t<\/div>\n\t\t\t\t<\/div><\/div><\/div><\/div><\/div><\/div><div id=\"pg-277-1\"  class=\"panel-grid panel-has-style\" ><div class=\"siteorigin-panels-stretch panel-row-style-full-width panel-row-style panel-row-style-for-277-1\" data-stretch-type=\"full\" ><div id=\"pgc-277-1-0\"  class=\"panel-grid-cell\" ><div id=\"panel-277-1-0-0\" class=\"so-panel widget widget_sow-features panel-first-child panel-last-child\" data-index=\"1\" ><div\n\t\t\t\n\t\t\tclass=\"so-widget-sow-features so-widget-sow-features-default-05632295127f-277\"\n\t\t\t\n\t\t>\n<div class=\"section-sow-features heading-center\">\n\n\t\t\t<h3 class=\"widget-title\">HILF MIT ! Wir zeichnen das Netzwerk der christlichen Verbundenheit ins Internet!<\/h3>\t\n\t\t\t<p class=\"widget-subtitle\">Von 9.4.2020 bis 13.4.2020 k\u00f6nnt Ihr \u00fcber diese Hompage eure Verbundenheit mit einer befreundeten Gemeinschaft dokumentieren und damit am &quot;LANAKI-NET&quot; mitbauen. und so geht&#039;s...<\/p>\n\t\n\t<div class=\"sow-features-list sow-features-responsive\">\n\n\t\t\t\t\t\n\t\t\t\t\n\t\t\t\t<div class=\"sow-features-feature sow-icon-container-position-top \" style=\"width: 100%\">\n\t\t\t\t\t<div class=\"feature-wrapper\">\n\t\t\t\t\t\t\t\t\t\t\t\t<div class=\"sow-icon-container sow-container-explode\"\n\t\t                    style=\"color: #ffffff; \"\n\t\t\t\t\t\t\ttitle=\"So gehts\">\n\t\t\t\t\t\t\t<div class=\"sow-icon-image\" style=\"background-image: url(https:\/\/lanaki.at\/wp-content\/uploads\/2020\/02\/connected-MyChurch-300x130.jpg); font-size: 40px\"><\/div>\t\t\t\t\t\t<\/div>\n\t\t\t\t\t\t\n\t\t\t\t\t\t<div class=\"textwidget\">\n\t\t\t\t\t\t\t\t\t\t\t\t\t\t\t<h5>\n\t\t\t\t\t\t\t\t\t\t\t\t\t\t\t\t\t\tSo funktioniert's\t\t\t\t\t\t\t\t\t\t\t\t\t\t\t\t\t<\/h5>\n\t\t\t\t\t\t\t\n\t\t\t\t\t\t\t\t\t\t\t\t\t\t\t<p><\/p>\n<p>1. Gehe auf \"LANAKI-NET\"<\/p>\n<p>2. Wir zeigen dir dort auf einer elektronischen Karte viele (\u00f6sterreichische) Kirchen und Pfarrgemeinden.<\/p>\n<p>3. Zoom und scrollt zu eurer \"HeimatKirche\" - Doppelklick auf Kirchensymbole mit Nummern \u00f6ffnet weitere Details!<\/p>\n<p>4. Klickt auf die Kirche mit der rechten Maustaste und w\u00e4hlt aus den Optionen \"Das ist meine Kirche\". Diese wird rot hinterlegt.<\/p>\n<p>5. Dann scrollt Ihr nach dem selben Muster zur christlichen Gemeinschaft, der ihr euch verbunden f\u00fchlt!<\/p>\n<p>6. Dort wieder mit rechter Maustaste die Optionen \u00f6ffnen und \"Sende Botschaft\" w\u00e4hlen.<\/p>\n<p>7. W\u00e4hlt aus den schon vorbereiteten Botschaften eine entsprechende aus,<\/p>\n<p>8. und dr\u00fcckt \"SEND\".<\/p>\n<p>9. Mit dem Absenden der Botschaft entsteht eine Linie vom Absendeort zum Empfangsort!<\/p>\n<p>und schon habt ihr eure Verbundenheit mit der anderen Gemeinschaft dokumentiert - und am \"LANAKI-NET\" mitgebaut.<\/p>\n<p>Ihr k\u00f6nnt nun auch an weitere Pfarren Botschaften senden: einfach dort hin gehen und ab Schritt 5 wiederholen<\/p>\n<p>einfacher gehts wohl nicht...<\/p>\n<p>Tips: eine Kirche mit der LINKEN Maustaste angeklickt zeigt die Verbindungen von\/zu dieser Kirche mit blauen Linien<\/p>\n<p>Mit der Maus auf eine der Verbindungslinien gefahren, seht ihr Sender und Empf\u00e4nger, Nachricht und \u00fcberbr\u00fcckte Entfernung..<\/p>\n<p><\/p>\n<p><\/p>\t\t\t\t\t\t\t\n\t\t\t\t\t\t\t\t\t\t\t\t\t\t\t<p class=\"sow-more-text\">\n\t\t\t\t\t\t\t\t\t\t\t\t\t\t\t\t\t\t...\t\t\t\t\t\t\t\t\t\t\t\t\t\t\t\t\t<\/p>\n\t\t\t\t\t\t\t\t\t\t\t\t\t<\/div>\n\t\t\t\t\t<\/div>\n\t\t\t\t<\/div>\n\n\t\t\t\n\t\t\t\t\t\t\t\t\t<div class=\"sow-features-clear\"><\/div>\n\t\t\t\t\n\t\t\t\t<div class=\"sow-features-feature sow-icon-container-position-top \" style=\"width: 100%\">\n\t\t\t\t\t<div class=\"feature-wrapper\">\n\t\t\t\t\t\t\t\t\t\t\t\t<div class=\"sow-icon-container sow-container-explode\"\n\t\t                    style=\"color: #ffffff; \"\n\t\t\t\t\t\t\ttitle=\"Schickt eine Net(t)e Botschaft !\">\n\t\t\t\t\t\t\t<div class=\"sow-icon-image\" style=\"background-image: url(https:\/\/lanaki.at\/wp-content\/uploads\/2020\/02\/network-3139214_1920-150x150.jpg); font-size: 40px\"><\/div>\t\t\t\t\t\t<\/div>\n\t\t\t\t\t\t\n\t\t\t\t\t\t<div class=\"textwidget\">\n\t\t\t\t\t\t\t\t\t\t\t\t\t\t\t<h5>\n\t\t\t\t\t\t\t\t\t\t\t\t\t\t\t\t\t\tAuf der Karte entsteht ein Netz christlicher Solidarit\u00e4t\t\t\t\t\t\t\t\t\t\t\t\t\t\t\t\t\t<\/h5>\n\t\t\t\t\t\t\t\n\t\t\t\t\t\t\t\t\t\t\t\t\t\t\t<p>Wann immer eine Botschaft von einer Gemeinschaft zu einer anderen \"gesendet\" wird,<\/p>\n<p>entsteht eine neue Linie auf der Weltkarte, und damit mit der Zeit das Netz aller an dieser Aktion Teilnehmenden.<\/p>\n<p>Und das weltweit !<\/p>\n<p>Wir z\u00e4hlen die Nachrichten und die Entfernungen, die die Botschaften \"zur\u00fccklegen\"<\/p>\n<p>Schickt eine Botschaft an eine entfernte Mission und dokumentiert, da\u00df du\/ihr an sie denkt !<\/p>\n<p>Oder freut euch, wenn ihr von anderen Gemeinde eine Net(t)e Botschaft erhaltet !<\/p>\n<p>Vielleicht entstehen da auch NEUE Verbindungen, wer weiss...<\/p>\n<p><\/p>\n<p><\/p>\n<p>&nbsp;<\/p>\n<p>&nbsp;<\/p>\t\t\t\t\t\t\t\n\t\t\t\t\t\t\t\t\t\t\t\t\t\t\t<p class=\"sow-more-text\">\n\t\t\t\t\t\t\t\t\t\t\t\t\t\t\t\t\t\t...\t\t\t\t\t\t\t\t\t\t\t\t\t\t\t\t\t<\/p>\n\t\t\t\t\t\t\t\t\t\t\t\t\t<\/div>\n\t\t\t\t\t<\/div>\n\t\t\t\t<\/div>\n\n\t\t\t\n\t\t\t\t\t\t\t\t\t<div class=\"sow-features-clear\"><\/div>\n\t\t\t\t\n\t\t\t\t<div class=\"sow-features-feature sow-icon-container-position-top sow-features-feature-last-row\" style=\"width: 100%\">\n\t\t\t\t\t<div class=\"feature-wrapper\">\n\t\t\t\t\t\t\t\t\t\t\t\t<div class=\"sow-icon-container sow-container-explode\"\n\t\t                    style=\"color: #ffffff; \"\n\t\t\t\t\t\t\ttitle=\"und wenn noch eine Location fehlt\">\n\t\t\t\t\t\t\t<span class=\"sow-icon-elegantline\" data-sow-icon=\"&#xe031;\"\n\t\tstyle=\"font-size: 40px; color: #dd0000\" \n\t\taria-hidden=\"true\"><\/span>\t\t\t\t\t\t<\/div>\n\t\t\t\t\t\t\n\t\t\t\t\t\t<div class=\"textwidget\">\n\t\t\t\t\t\t\t\t\t\t\t\t\t\t\t<h5>\n\t\t\t\t\t\t\t\t\t\t\t\t\t\t\t\t\t\tUnd wenn noch eine Location fehlt..\t\t\t\t\t\t\t\t\t\t\t\t\t\t\t\t\t<\/h5>\n\t\t\t\t\t\t\t\n\t\t\t\t\t\t\t\t\t\t\t\t\t\t\t<p>Es sind tausende Kirchen und Gemeinden in der Welt, wir konnten nicht alle auf der Karte verorten.<\/p>\n<p>Falls noch eine Dir wichtige Destination fehlt (eine Mission, eine \u00fcbersehene Pfarre, ein Fehler im Kartenmaterial,..),<\/p>\n<p>dann: nutze das Kontaktformular unten (aber bitte VOR dem Gr\u00fcndonnerstag, 9.April 2020) und melde uns das.<\/p>\n<p>Wir versuchen dann das noch zu integrieren und diese Gemeinschaft einzubeziehen!<\/p>\n<p><\/p>\n<p><\/p>\t\t\t\t\t\t\t\n\t\t\t\t\t\t\t\t\t\t\t\t\t\t\t<p class=\"sow-more-text\">\n\t\t\t\t\t\t\t\t\t<a href=\"https:\/\/lanaki.at\/index.php\/contact\/\" >\t\t\t\t\t\t\t\t\tzum Kontaktformular..\t\t\t\t\t\t\t\t\t<\/a>\t\t\t\t\t\t\t\t<\/p>\n\t\t\t\t\t\t\t\t\t\t\t\t\t<\/div>\n\t\t\t\t\t<\/div>\n\t\t\t\t<\/div>\n\n\t\t\t\t\t\n\t<\/div><!-- .sow-features-list -->\n\n<\/div><!-- .section-sow-features -->\n<\/div><\/div><\/div><\/div><\/div><\/div>","protected":false},"excerpt":{"rendered":"<p>Ostern 2020 &#8212; Wir bleiben in Verbindung:\u00a0 Wir ZEIGEN, wie viele wir sind ! Auch ohne viel PR: 404 Osterbotschaften wurde in den exakt 96 Stunden unserer Ostervernetzungsaktion &#8222;versendet&#8220;. Insgesamt 1.149.251 km haben diese Botschaften &#8222;\u00fcberbr\u00fcckt&#8220; &#8211; das ist 3 mal die Entfernung ERDE-MOND ! Das Licht w\u00fcrde allein f\u00fcr <a href=\"https:\/\/lanaki.at\/\" class=\"more-link\">Read More<\/a><\/p>\n","protected":false},"author":2,"featured_media":0,"parent":0,"menu_order":0,"comment_status":"closed","ping_status":"closed","template":"tpl-builders.php","meta":[],"_links":{"self":[{"href":"https:\/\/lanaki.at\/index.php\/wp-json\/wp\/v2\/pages\/277"}],"collection":[{"href":"https:\/\/lanaki.at\/index.php\/wp-json\/wp\/v2\/pages"}],"about":[{"href":"https:\/\/lanaki.at\/index.php\/wp-json\/wp\/v2\/types\/page"}],"author":[{"embeddable":true,"href":"https:\/\/lanaki.at\/index.php\/wp-json\/wp\/v2\/users\/2"}],"replies":[{"embeddable":true,"href":"https:\/\/lanaki.at\/index.php\/wp-json\/wp\/v2\/comments?post=277"}],"version-history":[{"count":264,"href":"https:\/\/lanaki.at\/index.php\/wp-json\/wp\/v2\/pages\/277\/revisions"}],"predecessor-version":[{"id":837,"href":"https:\/\/lanaki.at\/index.php\/wp-json\/wp\/v2\/pages\/277\/revisions\/837"}],"wp:attachment":[{"href":"https:\/\/lanaki.at\/index.php\/wp-json\/wp\/v2\/media?parent=277"}],"curies":[{"name":"wp","href":"https:\/\/api.w.org\/{rel}","templated":true}]}}